4
Let z(v) be the third derivative of -11*v**6/40 + 5*v**4/24 + v**3/6 - 33*v**2. What is the tens digit of z(-2)?
5
Suppose 2*s + 0*s - 3*y - 12 = 0, 2*s - 8 = y. Suppose -24 - 153 = -s*b. Suppose 0 = j + 21 - b. What is the units digit of j?
8
Suppose 2*q + 15103 = 3*m, 0 = -2*m + q + 6781 + 3289. What is the thousands digit of m?
5
Suppose 5*z = -2*r - 47, 0*r = 3*r + z + 90. Let l = -26 - r. Suppose 2*f - 3*y = y + 42, l*f - 2*y - 121 = 0. What is the units digit of f?
5
Let y be 1 + (1 - (-9)/3). Suppose 135 + 205 = y*j. What is the tens digit of j?
6
Suppose -360 = -10*k + 6*k. Suppose 0 = -5*b - 4*v + k, -2*v + 0*v = 4*b - 72. Suppose -3*g + 180 - b = 0. What is the tens digit of g?
5
Suppose 0*q + 1 = -2*q - 5*r, -2*q + 6 = -2*r. Suppose -n = -2*n + 2. What is the units digit of n/((q/3)/2)?
6
Suppose 57*a = 48*a + 4923. What is the hundreds digit of a?
5
Suppose -89 = 5*f + 101. Let g = 69 + f. Let r = 55 - g. What is the tens digit of r?
2
Let v = 149 + -127. Suppose 4*b + 3*s = 44, b + b + 2*s = v. What is the units digit of b?
1
Suppose -10 = -2*c, -3*a + 5*c + 1615 = 2*a. What is the hundreds digit of a?
3
What is the hundreds digit of 152 + 1 - (-5)/15*-9?
1
Let s be 11/11*(-1 - -1). Suppose s*u = -5*u + 475. What is the units digit of u?
5
Let k be (1/3)/(14/(-546)). Let o(n) = -6*n - 27. What is the units digit of o(k)?
1
Suppose 0 = 13*s - 1091 - 8074. What is the tens digit of s?
0
Suppose 8 = k + 4. Suppose 3*b - 5 - 6 = -k*q, 2*b + 2*q = 8. Suppose 22 = b*i - 4*i. What is the units digit of i?
2
Let x(f) = 6*f + 1. Let m(t) = t. Let i(l) = 3*m(l) - x(l). Let j be i(7). What is the units digit of 2/(-5) - j/5?
4
Let s = -15 + 17. What is the tens digit of (0 + 100)/2 + s?
5
Suppose 2 + 10 = 3*w. Suppose -w*j - 5*b + 5 = j, 3*b = 3. Suppose j*y = -y + 44. What is the tens digit of y?
4
What is the tens digit of (11659/(-262))/(1*1/(-6))?
6
Let q = 64 + -60. Suppose 2*x - x = q*u + 108, 3*x - 3*u - 333 = 0. What is the hundreds digit of x?
1
Let g(a) = 2*a**3 + 6*a**2 + 2*a + 1. Let h be g(-4). Let u = h - -41. What is the units digit of u?
2
Suppose 26 = -11*u + 4. Let g(h) = -51*h - 6. What is the tens digit of g(u)?
9
Suppose 118 = 33*s - 32*s. What is the tens digit of s?
1
Let g(n) = -2179*n**3 + 2*n**2 + 3*n + 2. What is the thousands digit of g(-1)?
2
Let j be (-1)/(-1)*(0 + 0). Let m(n) = n + 4. Let d be m(j). Suppose 4*w + 4*s - 84 = 0, -2*w + d*s = -3*w + 36. What is the tens digit of w?
1
Suppose 5*j = 2*w + 203 - 708, 259 = w + 4*j. What is the tens digit of w?
5
Let q be (-4)/14 - 3540/(-42). Suppose -3*j = -0*j - q. What is the tens digit of (-1086)/(-21) + 8/j?
5
Suppose -18788 - 29972 = -23*m. What is the units digit of m?
0
Let b be 28*(80/35 + -4). What is the units digit of (b/(-15))/((-14)/(-385))?
8
Let d be ((-1)/(-2))/((-5)/(-10)). Let t be ((0 + 2)*d)/1. Suppose -2*r = f - 5, 2*f - t*r - 43 = -3. What is the tens digit of f?
1
What is the tens digit of 6 - 1 - -2 - -1507?
1
Suppose 7*y - y = 2046. What is the hundreds digit of y?
3
Let q(s) = 5*s**2 + 2*s - 4. Let d(m) be the second derivative of -m**4/2 - m**3/3 + 5*m**2/2 + m. Let r(t) = 4*d(t) + 5*q(t). What is the units digit of r(3)?
5
Let x(j) = 2*j**3 - 10*j**2 + 10*j + 12. Suppose -5*i + 6 = -2*i, -y + 10 = 2*i. What is the units digit of x(y)?
4
Let j = -312 + 422. What is the tens digit of j?
1
Let y = -116 + 118. What is the units digit of y + (64 - 1)/3?
3
Suppose 5*f = 3*t + 2195, t + 3*t = -4*f + 1788. What is the tens digit of f?
4
Let o(k) = 7*k**2 + 6*k + 3. Suppose -h = 5, -h + 5 - 2 = -2*b. What is the tens digit of o(b)?
9
Let x(i) = -105*i + 330. What is the units digit of x(-5)?
5
Suppose a = 15 - 5. Let n be 0 - (-3 - (a - -2)). Suppose -3*g = -n + 6. What is the units digit of g?
3
Let g(h) = -5*h - 17 - 3*h + 10 - 4*h**2 - 24*h**3. What is the hundreds digit of g(-2)?
1
Suppose 0 = -51*h + 48*h - 9. What is the tens digit of (-542)/h - (-125)/(-75)?
7
Suppose 2*s - 795 = 3*a, 0 = -s + 42*a - 38*a + 400. What is the units digit of s?
6
Let h(q) = -q**3 - 6*q**2 - 6*q. Let p be h(-5). Suppose -5*d = 2*j - 127 + 27, 0 = -2*d - p*j + 40. Let o = d - -23. What is the units digit of o?
3
Let l be (24/(-18))/((-3)/9). Suppose l*i - 3*i - 151 = 0. What is the hundreds digit of i?
1
Suppose -4*o + u = -2256, 3*u - u = o - 571. What is the units digit of o?
3
Let n(d) = 7*d - 22. Suppose 38 = 4*i - 30. Let z be n(i). Let f = z - 38. What is the units digit of f?
9
Let s be 7/(-3) + 2 - 842/(-6). Suppose 3*b + s = -3*a + 4*a, -736 = -5*a + 3*b. What is the tens digit of a?
4
Suppose -g + 2*g = 263. Suppose -3*j + 5*q + g = q, 4*q - 61 = -j. What is the units digit of j?
1
Let y be ((-1)/(-1))/(((-7)/4)/(-7)). What is the tens digit of (-170 - 0)*y*6/(-48)?
8
Suppose 4*h - 12 + 4 = 0. Suppose -7*z + h*z = -40. Let x = z - 2. What is the units digit of x?
6
What is the units digit of (-1465 - 1)*(-2)/4?
3
Let l = -406 - -2832. What is the tens digit of l?
2
Suppose -11*v = -30 - 91. Suppose v*i - 3*i - 736 = 0. What is the tens digit of i?
9
Suppose -3*d + 6 = -0*d. Suppose -d*o = -0*h + 2*h - 96, o = -2*h + 98. Suppose -4*y + 44 = -2*y - 2*x, -3*y + h = 5*x. What is the units digit of y?
0
Suppose 12 = 4*x + 3*k, 2*x - 10 - 6 = -4*k. Suppose 3*y = 8*y - 4*m - 1060, x = 4*y + 4*m - 812. What is the units digit of y?
8
Suppose -g = 34*g - 20405. What is the hundreds digit of g?
5
Let h(s) = -47 - 60 - 5*s + 2*s**2 + 120. What is the tens digit of h(5)?
3
Let x = 4735 - 3328. What is the tens digit of x?
0
Let d = -71 - -105. Suppose k - d = -8. What is the units digit of k?
6
Suppose 19 = -2*q - 2*c - c, -4*q - 62 = -2*c. Let a = -11 - q. What is the units digit of 16 + (-2 - -2) + a?
9
Suppose 3*s = 4*c - 4276 - 3229, 3*c - 5630 = 2*s. What is the tens digit of c?
8
Let n(v) be the second derivative of -v**5/10 + v**4/3 + v**3/2 + 3*v**2 + 4*v. What is the tens digit of n(-3)?
8
Let p = -1258 + 2605. What is the hundreds digit of p?
3
Let p(w) = -4*w - 20. Let q be p(-6). What is the units digit of -1 + 0 - q*-1?
3
Suppose 4*w = b + 3713, 13*w - 5*b = 11*w + 1879. What is the units digit of w?
7
Let b be 2/4*(-4 - -4). Let a = 6 + b. Suppose -a*u = -u - 225. What is the units digit of u?
5
What is the thousands digit of 1 + -10 + 2 - (-1 - 2669)?
2
Let z = -1 - -4. Let o = 23 - -29. Suppose 4*m = 3*m - z*x + o, -5 = -x. What is the tens digit of m?
3
Suppose -2*z - 27 = 17. Let f = z + 18. What is the units digit of f/(-7) + (-202)/(-14)?
5
Suppose 9*g = 4*g - 20. Let y be g/18 - (-4)/18. Let t(v) = -v**3 + v**2 + 7. What is the units digit of t(y)?
7
Let v = -46 - -413. What is the tens digit of v?
6
Let g = -8 - -12. Let h be (-40)/(-12) - (-6)/9. Suppose -5*w + 0*q + h*q = -72, 0 = -2*q + g. What is the tens digit of w?
1
What is the thousands digit of -10 + 279244/70 + 8/10?
3
Let m(a) = -2*a + 6. Let x be m(2). Suppose 0 = 4*h + x*h - 156. What is the units digit of 4/h + 5436/156?
5
Let l = 3027 + -763. What is the thousands digit of l?
2
Suppose -1717 = -6*q + 1775. What is the hundreds digit of q?
5
Suppose -11*i + 14*i = -450. Let u = -91 - i. What is the units digit of u?
9
Suppose 37*j - 11397 = 7066. What is the units digit of j?
9
Let u(o) = -4*o - 1. Let i be u(-1). Suppose 3*c - 117 = -2*d, -4*d + 61 = 5*c - 134. Suppose 3*l - 3*g = c, -l + 0 - 7 = i*g. What is the units digit of l?
8
Suppose -50*y = -41860 - 23490. What is the thousands digit of y?
1
Let u(p) = -p**3 + p**2 - 2*p - 365. Let o be u(0). What is the units digit of 6*o/(-15) + (-6)/(-2)?
9
Let i = 190 - 50. What is the units digit of i?
0
What is the units digit of 555/(-2)*24/(-36)?
5
Suppose -3*f + 14 = -10. What is the units digit of f/36 + ((-466)/9)/(-1)?
2
Let i(m) = -m - 7 + 19 + m**2 - 9. Let f be i(2). Suppose h = 4*z + 35, -64 = -5*h - f*z + 36. What is the tens digit of h?
2
Suppose 298 + 162 = 2*u. Let a = u - 123. Suppose x = -3*k + 2*x + a, -3*k + 91 = -5*x. What is the units digit of k?
7
Suppose 0 = 215*r - 217*r + 5186. What is the hundreds digit of r?
5
Suppose -3*a + 4*a + 3 = 2*y, 5*a - 30 = y. What is the units digit of (-2 - 0) + a/(-4)*-4?
5
Let c be (23/1)/(8 + -7). Let x = 19 + c. What is the tens digit of (-730)/(-14) + (-6)/x?
5
Su